mainder when o is divided by g.
2
Suppose -4*c + j + 84 = 0, -5*c + 2*j = 3*j - 105. What is the remainder when c is divided by (-2 - -11 - -3) + 3?
6
Suppose -219 - 438 = -9*m. What is the remainder when m is divided by 19?
16
Suppose 5*i - i + 4 = 0, 3*h = -5*i + 76. Calculate the remainder when 130 is divided by h.
22
Let x = -9 + 9. Let t be x/((8*-1)/4). Suppose t = n - 0 - 3. What is the remainder when 3 is divided by n?
0
Suppose 7*m - 1249 = -997. What is the remainder when 92 is divided by m?
20
Let d = -37 + 48. Calculate the remainder when 105 is divided by d.
6
Suppose -h = 10 - 21. Suppose h - 6 = 5*l. What is the remainder when 4 is divided by l?
0
Suppose 79 = g + 77. Suppose 140 = g*k + 60. Calculate the remainder when k is divided by 15.
10
What is the remainder when (-8036)/(-18) + -8*(-12)/(-216) is divided by 9?
5
Let r = -5194 + 5244. Let s = -11 + 24. What is the remainder when r is divided by s?
11
Let a(m) = 85*m - 9. Let i be a(1). Suppose -9*x + i = -698. What is the remainder when x is divided by 22?
20
Suppose 0 = -s - 8 + 12. Suppose 6*d - s*d = 12. Calculate the remainder when d is divided by 4.
2
Let s be (-4)/10*35/(-7). Suppose 2*p = -s*g - 0*g + 70, 109 = 3*p + 5*g. Suppose -4*d + p = -d. What is the remainder when 42 is divided by d?
9
Suppose 41*m - 1874 = 2472. Calculate the remainder when m is divided by 39.
28
What is the remainder when 144 is divided by -4*1*(-5 - (-232)/(-32))?
46
Suppose b = -4*b - 3*v + 203, -5*b - 5*v = -195. What is the remainder when b is divided by ((-4)/(-6))/(52/702)?
7
Suppose -4*c + 22 + 26 = 0. Let k(h) = h**3 + 8*h**2 - 9*h - 34. Calculate the remainder when k(-8) is divided by c.
2
Suppose 0 = 3*n + 6, n + 59 = -118*h + 119*h. Calculate the remainder when 162 is divided by h.
48
Let p(w) = 5*w**3 - 2*w**2 - w. Let r = -8 - -7. Let f be p(r). Let s(q) = -q**3 - 6*q**2 - 2*q + 6. Calculate the remainder when 32 is divided by s(f).
14
Let n = -22 - -30. Let b(f) = f**2 + 17*f + 30. What is the remainder when b(-17) is divided by n?
6
Let a be (-2)/(-3)*(0 - -3). Suppose -2*r - 15 = 3*r. Calculate the remainder when (59 - a)/(r/(-2)) is divided by 13.
12
Let k = 26 + -43. Let o = 25 + k. Let j = o + -7. Calculate the remainder when j is divided by 1.
0
Suppose 18 = 2*i - 5*i. Calculate the remainder when (((-1820)/(-21))/(-10))/(2/i) is divided by 7.
5
Suppose -5*b - 41 - 2259 = 0. Let s be (0 - 2 - -1)*b. What is the remainder when s/11 + 6/33 is divided by 15?
12
Let t(d) = -d**2 + d - 9. Let b be t(0). Let g = b - -15. What is the remainder when 17 is divided by 210/25 + g/10?
8
Let b(i) = -21*i**2 + i - 3. Let o be b(3). Let q be (-6)/(o/(-66) + -3). Let h = -25 + q. Calculate the remainder when h is divided by 10.
9
Suppose 0 = -f, 3*x = 5*x - 5*f - 30. Let h = -46 - -87. What is the remainder when h is divided by x?
11
Let x(o) = -o**3 + 8*o**2 - 8*o - 3. Let c = 456 + -404. Calculate the remainder when c is divided by x(6).
10
Suppose -6*w - 3*w - 81 = 0. Let k = w + 18. What is the remainder when 59 is divided by k?
5
Let m be (0 + 1)/((-4)/(-76)). Let z be 110/(-8) - (-4)/16*3. Let i = z + m. What is the remainder when 23 is divided by i?
5
Let x(m) = 11*m**2 - 32*m - 186. What is the remainder when x(-5) is divided by 45?
24
Suppose 16*j = 5301 + 2235. What is the remainder when j is divided by 69?
57
Let l(c) = -c**2 - 8*c - 4. Let t be l(-7). Suppose 5*j - t*m - 2*m = 45, -2*j + 18 = 3*m. Suppose 4 = -3*h + 13. What is the remainder when j is divided by h?
0
Let d(o) = 21*o + 9. Let y = 74 + -50. What is the remainder when d(4) is divided by y?
21
Suppose -5*l - 303 - 937 = 5*c, -3*c - 4*l = 742. Suppose -2*v + 13 = -13. What is the remainder when (c/15)/(2/(-3)) is divided by v?
12
Let l(f) = f + 32. Let r be l(-18). Suppose -r = -13*b + 11*b. Calculate the remainder when 12 is divided by b.
5
Let o = 296 - 58. Calculate the remainder when o is divided by 80.
78
Let o be (-18)/12 + 6/4. Suppose 2*c = 4*q - q - 43, o = -q + 2*c + 9. Calculate the remainder when 100 is divided by q.
15
Let z(w) = 11*w - w**3 - w**2 + 2 - 5*w - 4*w. Let s be z(0). Suppose s*f + 2*v - 97 - 3 = 0, -f + 66 = 5*v. Calculate the remainder when f is divided by 16.
14
What is the remainder when 129 is divided by -21*(-1)/35 + (-127)/(-5)?
25
Let o(f) = f**3 - 4*f**2 + f + 3. Let l(z) = -z**3 + 9*z**2 - 16*z - 8. Let d be l(6). Calculate the remainder when 26 is divided by o(d).
5
Suppose 19*m = 1874 + 7. Calculate the remainder when 367 is divided by m.
70
Let g = 22 - 8. Suppose -3*y = -2*y - g. What is the remainder when (((-189)/(-28))/(-1))/(3/(-12)) is divided by y?
13
Suppose 5 = 5*d, -d + 5 = -4*b + 20. Let n(k) = 3*k - 9. Calculate the remainder when n(9) is divided by b.
2
Let c(n) = -n + n + 4*n + 0*n - n**2. Let j be c(3). Suppose -j*f + 17 = -2*t, 5*f - 5*t - 25 = -t. What is the remainder when 15 is divided by f?
6
Suppose 34*x = 46*x - 132. Calculate the remainder when 26 is divided by x.
4
Suppose 0 = -3*b - 15, -2*b + 5*b + 35 = -5*n. What is the remainder when 62 is divided by n/(((-8)/22)/2)?
18
Suppose 5*x = 5*q + 465, 4*x + 4*q - 310 = 30. Suppose -3*k + 38 = -16. Calculate the remainder when x is divided by k.
17
Suppose -q + 1 = -m, -4*q + 7*q - 6 = 4*m. Let x(s) = s**2 + 4. Let w be x(4). Let b = w + m. What is the remainder when 66 is divided by b?
15
Suppose 4*g - 25 - 11 = 0. Suppose 20*y + 6677 - 7177 = 0. What is the remainder when y is divided by g?
7
Let r(b) = 4*b + 33. Calculate the remainder when 5 is divided by r(-7).
0
Suppose -t = 2*d - 599, -d + 2361 = -2*t + 6*t. Calculate the remainder when t is divided by 59.
58
Let i = -17 + 27. What is the remainder when 68 is divided by i - 1/(-2)*8?
12
Suppose 280 = 2*r + z, -686 = -5*r - 3*z + 4*z. Suppose 143*c - 65 = r*c. What is the remainder when 23 is divided by c?
10
Let k = -1 + 3. Suppose 4*x = -m + k*m, -4*x + 4 = 0. Suppose m*g + 15 = 9*g. Calculate the remainder when 11 is divided by g.
2
Suppose 0*f + 3*m + 732 = 5*f, 3*f + 2*m - 424 = 0. Calculate the remainder when f is divided by 37.
33
Suppose 0 = -2*o + 4*o - 2*h + 10, -4*o + 5*h - 22 = 0. Let i = 0 - o. Suppose 31 = u - i*s, 2*s - 10 + 39 = u. What is the remainder when u is divided by 9?
7
Let i(q) = -25*q + 35. Calculate the remainder when i(-9) is divided by 24.
20
Suppose 307 = 6*x - 5. Calculate the remainder when 310 is divided by x.
50
Suppose 2*n = k + 7, -1 + 6 = 2*n + k. Let p(l) = -54*l - 151. Let a be p(-4). Suppose 2*z = a + n. What is the remainder when z is divided by 9?
7
Let k = -314 + 332. What is the remainder when k is divided by 4?
2
Let s = -215 + 235. What is the remainder when 139 is divided by s?
19
Let v be 1/4 + 162/(-72). Let n(b) = b + 2. Let a be n(v). Suppose a = -3*c + 35 + 7. Calculate the remainder when 27 is divided by c.
13
Let i = 43 + 263. Let u = -213 + i. What is the remainder when u is divided by 32?
29
Let k = 269 - 230. What is the remainder when 193 is divided by k?
37
Let n(t) = t**3 - 2*t. Let x be n(-2). Let d be 2/x*(-20)/2. Suppose 4*o - 188 = 4*h, -4*h = h + d. Calculate the remainder when o is divided by 12.
10
Let i = 8 + 0. Suppose -2*b = -3*b - 2*s + 4, -s = 3*b + i. Calculate the remainder when 2 - 100/(b/1) is divided by 7.
6
Suppose 7 = 4*q - 3*q. What is the remainder when q is divided by (4*(-1)/6)/((-2)/6)?
1
Suppose -234 = -3*p + c, 13*p - c = 17*p - 305. What is the remainder when 161 is divided by p?
7
Suppose 4*g = -0*g + 36. What is the remainder when g is divided by (-54)/12 - -5 - 91/(-14)?
2
Let j = -7 - -11. Suppose 5*w - 175 = j*n, 0*w + 5*n = -w + 6. What is the remainder when (1 + -6 - -6)*92 is divided by w?
30
Let c(h) = h**2 + 13*h - 7. Suppose 3*x = -46 + 1. Calculate the remainder when c(x) is divided by 13.
10
Suppose -2*l + 2*g - 4*g = -18, -14 = -2*l - 3*g. What is the remainder when 35 is divided by l?
9
Let l = 171 + 25. Calculate the remainder when l is divided by 67.
62
Suppose 41 + 47 = -8*y. Let p(x) = -x**2 - 13*x + 12. Calculate the remainder when 134 is divided by p(y).
32
Calculate the remainder when 246/5 + (-4)/40*2 is divided by (-5 - -8)/((-3)/(-13)).
10
Let k(d) = -d - 2. Let i be k(-4). Suppose -3*z + i*z = -37. What is the remainder when z is div